 15 = m. Suppose -c*t = -60 - 120. Does 13 divide t?
False
Let c = 8 + 0. Let n(m) = m**2 - 5*m + 6. Let t be n(4). Does 5 divide ((-40)/(-32))/(t/c)?
True
Let u be 27/21 + -1 + 313/7. Is 23 a factor of ((-18)/u)/((-483)/240 + 2)?
False
Let h(m) = -m**3 - 5*m**2 + 2*m - 8. Let s be h(-6). Is 30 a factor of s/(-24)*(-135 + 0)?
True
Let o be -1 + -6*1/2. Let n be 3*4/24*o. Is 4 - (104*1)/n a multiple of 19?
False
Let z(i) = -2288*i + 38. Does 52 divide z(-1)?
False
Let d(p) be the second derivative of 5*p**4/12 - 2*p**3/3 - 3*p**2 + 13*p. Does 29 divide d(4)?
True
Suppose 3*v + 2*p + 191 = -2*p, 0 = -4*v + 3*p - 288. Let s be 7*(-3 + v/(-21)). Suppose 0*j + 96 = s*j. Is j a multiple of 26?
False
Let w(x) = -2*x**3 + x**2 - 3*x - 3. Suppose -6*c + 38 = 8. Let s be ((-4)/c)/((-20)/(-50)). Is w(s) a multiple of 6?
False
Let i = -59 - -73. Suppose -75 = -o + 3*b, 4*b - i = 2*o - 158. Is 11 a factor of o?
True
Let u(l) = 7*l**3 + 5*l**2 + 3*l + 8. Let v(w) = -13*w**3 - 10*w**2 - 5*w - 15. Let z(f) = -11*u(f) - 6*v(f). Is 21 a factor of z(-4)?
False
Let i(y) = y**3 + 5*y**2 - y + 1. Let o be i(-4). Let u = -1128 + 1128. Is o - (-7 + 4 - u) a multiple of 12?
True
Let y(v) = -4*v + 37. Let l be y(7). Suppose -120 = -3*r + 3*m, 100 = l*r - 6*r + m. Does 7 divide r?
True
Suppose -17223 = -8*v - 1175. Is 77 a factor of v?
False
Suppose -1099 = 14*w - 6349. Is w a multiple of 15?
True
Suppose 2*o = 5 - 1. Suppose -o = -5*y + 3*y. Suppose 2*d = d - y, 5*x + 4*d = 126. Does 12 divide x?
False
Suppose 0*b + b = -4, 0 = 2*m - b - 10. Let c be m + -5 - 108 - 0. Let g = c + 218. Does 36 divide g?
True
Suppose g - 5*z - 331 = 0, -458 = -2*g - z + 171. Does 24 divide g?
False
Suppose 2*p - 1027 = 2*c - 3169, 3221 = 3*c + p. Is c a multiple of 12?
False
Suppose -d + 35 = 4*g + 2*d, 2*g - 2*d = 14. Suppose -2*r - z - 68 = 0, -3*r - 84 - g = -z. Is 11 a factor of 45/(-60)*r*1?
False
Let q(j) = 99*j**2 - 1. Is 11 a factor of q(-2)?
False
Suppose 0 = -3*x + 4*x. Suppose -3*l = -150 - x. Is 10 a factor of l?
True
Is 43 a factor of (-8)/60 - (-5387)/15?
False
Let d = 1282 - 1171. Let b(k) = 4*k**2 - 5*k + 1. Let p be b(-6). Let m = p - d. Is m a multiple of 8?
True
Let q = -5 + -17. Let s = q - -22. Suppose 0 = -4*n - s*n - 4*f + 128, -158 = -5*n - 4*f. Is 14 a factor of n?
False
Let r be -3*(2 - 1) - 43. Let c = 110 + r. Let g = c - 28. Does 12 divide g?
True
Let j(d) = d - 7. Let y be j(15). Suppose 4*z = 20, 4*z - 12 = 3*a - 2*a. Let b = y + a. Is 12 a factor of b?
False
Let h = 94 + 113. Let c = -141 + h. Is 22 a factor of c?
True
Does 6 divide (3/10 - 4577/(-10)) + 3?
False
Suppose -4*c = 3*t - 1029, 4*t - 7*t - 2*c = -1035. Is t a multiple of 5?
False
Suppose 5*r = 4*g - 1282, 5*g - 5*r - 1097 - 503 = 0. Does 30 divide g?
False
Suppose 7*v + 21 = 11*v - r, -5*v - 5*r = -20. Let u be (-41)/(-1) - (0 - 1). Suppose -2*n + u = -f + 4*f, -2*n = v*f - 38. Is 8 a factor of n?
True
Let a = -15 + 22. Suppose 0*n - a = -n. Is 7 a factor of n?
True
Let p(c) = 18*c**3 + 3*c**2 - 14*c - 8. Let k be p(-6). Is 1*3/(-5) + k/(-40) a multiple of 23?
True
Let c = 12 - 10. Suppose 4 = r - c. Does 4 divide r?
False
Let l be 241*(-4)/((-4)/1). Let s = l - 171. Does 14 divide s?
True
Suppose 0 = 2*q - 4*l + 114, -3*q + 7*q = -3*l - 272. Does 5 divide (-965)/q - (-4)/26?
True
Suppose -j - z - 10 = 4*z, 5*j + 4*z = -8. Suppose -u + 31 - 9 = j. Is 11 a factor of u?
True
Suppose -4*l = 4*n - 1732, -14*l + 16*l - 3*n - 856 = 0. Is l a multiple of 8?
False
Let h(c) = c**3 + 6*c**2 + 2*c - 1. Let m be h(-5). Let y be 18/4*m/21. Suppose 40 = -y*r + 5*r. Is r a multiple of 4?
True
Suppose 3*g = -4*x + 33, 4*g + 24 = 5*x + 2*g. Suppose 4*c = 3*q + 129, -c - 3*q = -x*q - 39. Is c a multiple of 12?
False
Suppose s = -2*s - 12, 3*s = 3*t - 801. Suppose 11 = -4*l + t. Is 21 a factor of l?
True
Suppose -2*h + 8 + 8 = 0. Suppose -3*w + h + 1 = 0. Suppose 33 = w*b + 5*q, b + 2*q + 86 = 6*b. Is b a multiple of 9?
False
Suppose -9*w + 26 = -1009. Is 16 a factor of w?
False
Let c be (-4)/(-18) + (-232)/72. Let w(y) = -3*y**3 + 5*y**2 + 5*y + 3. Is 37 a factor of w(c)?
False
Suppose -4*h = 2*g + 10, g + 15 = -5*h - 5. Suppose 5*s + 148 - 38 = 4*z, -s + 123 = g*z. Is z a multiple of 9?
False
Let l(b) = b**2 - 121*b + 246*b - 108*b + 27. Does 5 divide l(-16)?
False
Suppose -204470 = -126*r + 23212. Is 13 a factor of r?
True
Let g = 188 + -293. Let v = -69 - g. Does 4 divide v?
True
Suppose 0 = 4*r - 2*f - 7676, 33*f = 4*r + 29*f - 7680. Is r a multiple of 7?
True
Let y(v) = -9*v + 17. Let q(d) = -26*d + 50. Let j(o) = -5*q(o) + 14*y(o). Does 4 divide j(4)?
True
Suppose 5*i + 70 - 60 = 0. Is 39 a factor of 86 - i - 0/(-4)?
False
Suppose -6*w = -6229 + 403. Is 24 a factor of w?
False
Let a(s) = -s**2 - 10*s + 2. Let f be a(-10). Suppose -4*i = -f*i - 40. Suppose -g = -5*y - i, 4*g + 5*y - 160 = -g. Is 15 a factor of g?
True
Let x = -2 + 2. Suppose x = -3*u + 10*u - 420. Is 14 a factor of u?
False
Let n(g) = g**3 - 15*g**2 + 14*g + 12. Suppose 5*m + 87 = t, m + t + 3*t + 30 = 0. Let j be (-256)/(-18) - m/(-81). Is n(j) a multiple of 7?
False
Let d = 46 + -101. Let q = -33 - d. Suppose f - q = 4. Is 13 a factor of f?
True
Suppose -u = 3*g - 2020, -2015 = -3*g + u - 3*u. Is g a multiple of 45?
True
Let x be 104/(-3) + 6/9. Let k = x + 38. Suppose -5*h + k*v = -44, h = 2*v - 3 + 7. Is 12 a factor of h?
True
Let a(m) = m**2 + 10*m - 32. Is a(4) a multiple of 12?
True
Let g = 13 - 12. Suppose 4*w - g = 7. Suppose -102 = -n - w*c, 0 = -4*n - c + 6*c + 369. Is n a multiple of 32?
True
Is 32 a factor of (-33)/44*192/10*-30?
False
Let d(c) be the second derivative of -c**5/20 - c**4/6 + c**3/6 - 7*c**2/2 + 8*c. Does 5 divide d(-4)?
False
Suppose -l + 2 = 9. Let t(s) = s**2 + 8*s + 34. Is 2 a factor of t(l)?
False
Let t = 495 - 231. Suppose -g = -5*g + t. Suppose -2*n = n - g. Is 9 a factor of n?
False
Suppose 8*t = 9*t - 2. Suppose t*d = -d + 9, -5*m + 2*d + 74 = 0. Let k = 33 - m. Is k a multiple of 17?
True
Suppose 0 = -3*a - 0*a + 12. Suppose 65 = a*v + k - 78, 0 = 4*k + 4. Is v a multiple of 8?
False
Let w(k) be the first derivative of -4*k**2 + 7*k + 1. Let c = -137 - -126. Is 30 a factor of w(c)?
False
Let q(p) = -26*p**2 - p - 6. Let r(y) = 25*y**2 + y + 5. Let z(n) = -4*q(n) - 5*r(n). Let l be z(-1). Does 9 divide ((-60)/l)/(4/14)?
False
Let d(f) = 186*f + 30. Is d(2) a multiple of 6?
True
Let m be 2/(((-6)/3)/(-2)). Suppose -3*w + 223 = -m*r, -365 = -2*w - 3*w + 5*r. Suppose 5*a - 123 - w = 0. Is 15 a factor of a?
False
Suppose 0 = 5*j - 363 + 68. Suppose -381 - j = -5*u. Is 13 a factor of u?
False
Let p be (6/15)/((-2)/(-200)). Suppose -3*v = p - 208. Suppose -j = 2*u - v, 5*j + 2*u - 141 = 99. Does 23 divide j?
True
Is 18 a factor of 7/(-14)*(-902 + 2 + -8)?
False
Suppose l - 2*p - 18 = 0, 3*l = 5*p + 37 + 12. Suppose -y + 0*y - l = 0. Let d(k) = k**2 + 7*k + 3. Is 5 a factor of d(y)?
False
Let d = -1 + 3. Let w = 626 + -514. Suppose -d*b = 2*b - w. Is 9 a factor of b?
False
Let c(s) = 2 + 0 + 4*s - 62*s**2 + 63*s**2. Is 6 a factor of c(3)?
False
Let x be 1/((-52)/(-16) - 3). Suppose 2*w + 3*w = 5*p - 65, 0 = -x*p - 3*w + 17. Suppose 67 = f - p. Is f a multiple of 25?
True
Let c(m) = 2*m**2 - 95*m + 122. Is c(52) a multiple of 118?
True
Let z = 153 - 45. Let m = z - 61. Does 13 divide m?
False
Let n = -331 + 539. Is n a multiple of 2?
True
Let d be 6/9 + 2/6. Suppose -19 = -3*s - d. Let l = s + 0. Is l a multiple of 6?
True
Let u = 316 - 63. Let i = -153 + u. Is i a multiple of 12?
False
Does 18 divide 7104/36 + 20/30?
True
Suppose -t = -4*j - 55, -4*j = -3*t + 47 + 110. Let k = t + 29. Does 10 divide k?
True
Let r be 6/33 - 36/(-44). Is 15 + 3 + r + -3 a multiple of 13?
False
Let b(u) = 5*u**2 + 2*u - 2. Let z be b(1). Suppose 5*o - z = 10. Suppose h - 33 = o. Is h a multiple of 12?
True
Let z = -178 - -119. Let m = z - -109. Is 40 a factor of m?
False
Let o be 6*-3*(-4)/36. Suppose -4*w - i + 2 = 0, 3*w + 4 = o*i - 0. Suppose 299 - 95 = 4*k - 5*n, -3*k + n + 164 = w. Is 14 a factor of k?
True
Suppose 0 = -2*r - 2*c + 32, 0 = -3*r + 3*c + 19 + 35. Suppose 0*t = -4*t - k + r, -5*k = 5*t - 25. Is 4 a factor of t?
True
Let w = -51 + 54. Suppose -3*d - w = 0, -2*d + 118 = 5*m - 0*d. Is 8 a factor of m?
True
Le